{"id":702,"date":"2018-03-02T14:38:41","date_gmt":"2018-03-02T13:38:41","guid":{"rendered":"http:\/\/initiation-voyages.fr\/?page_id=702"},"modified":"2026-03-02T12:18:35","modified_gmt":"2026-03-02T11:18:35","slug":"tarifs","status":"publish","type":"page","link":"https:\/\/initiation-voyages.fr\/index.php\/tarifs\/","title":{"rendered":"TARIFS"},"content":{"rendered":"<p style=\"text-align: center;\"><span style=\"font-size: 24pt;\"><strong><u>FORFAITS PRESTATIONS 2025\/2026<\/u><\/strong><\/span><\/p>\n<p style=\"text-align: center;\"><span style=\"font-size: 14pt;\">Notre tarif est tout inclus et sans surprises.<\/span><\/p>\n<p style=\"text-align: center;\"><span style=\"font-size: 14pt;\">Pour ce tarif nous effectuerons toutes les recherches concernant<\/span><\/p>\n<p style=\"text-align: center;\"><span style=\"font-size: 14pt;\">votre mode de transport, d\u2019h\u00e9bergement, excursions \u2026<\/span><\/p>\n<p style=\"text-align: center;\"><span style=\"font-size: 14pt;\">Nous vous remettrons un road book complet concernant votre voyage avant votre d\u00e9part.<\/span><\/p>\n<p><span style=\"font-size: 14pt;\"><strong><u>TITRE DE TRANSPORT\u00a0<\/u><\/strong><\/span><\/p>\n<ul>\n<li><span style=\"font-size: 14pt;\">40 \u20ac TTC \/ PERSONNE<\/span><\/li>\n<\/ul>\n<p><span style=\"font-size: 14pt;\"><strong><u>TRANSPORT +\u00a0<\/u><\/strong><\/span><span style=\"font-size: 18.6667px;\"><b><u>H\u00c9BERGEMENT<\/u><\/b><\/span><\/p>\n<ul>\n<li><span style=\"font-size: 14pt;\">40 \u20ac TTC \/ PERSONNE + 10\u20ac TTC PAR HEBERGEMENT<\/span><\/li>\n<\/ul>\n<p><span style=\"font-size: 14pt;\"><strong><u>VOYAGE SUR MESURE\u00a0<\/u><\/strong><\/span><\/p>\n<ul>\n<li><span style=\"font-size: 14pt;\">WEEK-END : 199 \u20ac TTC (2 nuits)<\/span><\/li>\n<li><span style=\"font-size: 14pt;\">&lt; 8 JOURS : 299 \u20ac TTC<\/span><\/li>\n<li><span style=\"font-size: 14pt;\">9 \u00e0 20 JOURS : 399 \u20ac TTC<\/span><\/li>\n<li><span style=\"font-size: 14pt;\">21 \u00e0 35 JOURS\u00a0: 599 \u20ac TTC<\/span><\/li>\n<li><span style=\"font-size: 14pt;\">TOUR DU MONDE FORFAIT 360\u00a0: Sur Devis<\/span><\/li>\n<li><span style=\"font-size: 14pt;\">GROUPE A PARTIR DE 8 PERSONNES : Sur Devis<\/span><\/li>\n<\/ul>\n<p><span style=\"font-size: 12pt;\"><b style=\"font-size: 12pt;\">LES TARIFS SONT POUR 4 PERSONNES MAXIMUM D&rsquo;UNE <\/b><b>M\u00caME<\/b><b style=\"font-size: 12pt;\">\u00a0FAMILLE<\/b><\/span><\/p>\n<p><span style=\"font-size: 12pt;\"><b style=\"font-size: 12pt;\">( 50 \u20ac \/ PERS. <\/b><b>SUPPL\u00c9MENTAIRE<\/b><b style=\"font-size: 12pt;\">\u00a0D&rsquo;UNE MEME FAMILLE )<\/b><\/span><\/p>\n<p><span style=\"font-size: 14pt;\"><strong><u>OPTIONS<\/u><\/strong><\/span><\/p>\n<ul>\n<li><span style=\"font-size: 14pt;\">CR\u00c9ATION D\u2019UN BLOG ( pour rester connect\u00e9 avec vos proches )\u00a0: 50 \u20ac TTC<\/span><\/li>\n<li><span style=\"font-size: 14pt;\">CR\u00c9ATION DE VOTRE VID\u00c9O \u00ab\u00a0LES MEILLEURS MOMENTS DE VOTRE VOYAGE\u00a0\u00bb : 50 \u20ac TTC<\/span><\/li>\n<\/ul>\n<p><span style=\"font-size: 14pt;\"><span style=\"font-size: 18.6667px;\"><b><u>MODALIT\u00c9<\/u><\/b><\/span><strong style=\"font-size: 14pt;\"><u>\u00a0DE PAIEMENT<\/u><\/strong><\/span><\/p>\n<ul>\n<li><span style=\"font-size: 14pt;\">50% d\u2019acompte \u00e0 la r\u00e9servation et validation du projet de voyage<\/span><\/li>\n<li><span style=\"font-size: 14pt;\">Solde d\u00fb \u00e0 la remise compl\u00e8te du dossier, soit environ 1 mois avant le d\u00e9part<\/span><\/li>\n<\/ul>\n","protected":false},"excerpt":{"rendered":"<p>FORFAITS PRESTATIONS 2025\/2026 Notre tarif est tout inclus et sans surprises. Pour ce tarif nous effectuerons toutes les recherches concernant votre mode de transport, d\u2019h\u00e9bergement, excursions \u2026 Nous vous remettrons un road book complet concernant votre voyage avant votre d\u00e9part. TITRE DE TRANSPORT\u00a0 40 \u20ac TTC \/ PERSONNE TRANSPORT +\u00a0H\u00c9BERGEMENT 40 \u20ac TTC \/ PERSONNE + 10\u20ac TTC PAR HEBERGEMENT VOYAGE SUR MESURE\u00a0 WEEK-END : 199 \u20ac TTC (2 nuits) &lt; 8 JOURS : 299 \u20ac TTC 9 \u00e0 20&#8230;<\/p>\n<p class=\"read-more\"><a class=\"btn btn-default\" href=\"https:\/\/initiation-voyages.fr\/index.php\/tarifs\/\">Lire la suite<span class=\"screen-reader-text\"> Lire la suite<\/span><\/a><\/p>\n","protected":false},"author":1,"featured_media":0,"parent":0,"menu_order":0,"comment_status":"closed","ping_status":"closed","template":"","meta":[],"_links":{"self":[{"href":"https:\/\/initiation-voyages.fr\/index.php\/wp-json\/wp\/v2\/pages\/702"}],"collection":[{"href":"https:\/\/initiation-voyages.fr\/index.php\/wp-json\/wp\/v2\/pages"}],"about":[{"href":"https:\/\/initiation-voyages.fr\/index.php\/wp-json\/wp\/v2\/types\/page"}],"author":[{"embeddable":true,"href":"https:\/\/initiation-voyages.fr\/index.php\/wp-json\/wp\/v2\/users\/1"}],"replies":[{"embeddable":true,"href":"https:\/\/initiation-voyages.fr\/index.php\/wp-json\/wp\/v2\/comments?post=702"}],"version-history":[{"count":14,"href":"https:\/\/initiation-voyages.fr\/index.php\/wp-json\/wp\/v2\/pages\/702\/revisions"}],"predecessor-version":[{"id":3350,"href":"https:\/\/initiation-voyages.fr\/index.php\/wp-json\/wp\/v2\/pages\/702\/revisions\/3350"}],"wp:attachment":[{"href":"https:\/\/initiation-voyages.fr\/index.php\/wp-json\/wp\/v2\/media?parent=702"}],"curies":[{"name":"wp","href":"https:\/\/api.w.org\/{rel}","templated":true}]}}