{"id":565,"date":"2018-02-23T18:08:49","date_gmt":"2018-02-23T17:08:49","guid":{"rendered":"http:\/\/initiation-voyages.fr\/?page_id=565"},"modified":"2018-02-23T18:14:25","modified_gmt":"2018-02-23T17:14:25","slug":"parcs-nationaux-de-floride","status":"publish","type":"page","link":"https:\/\/initiation-voyages.fr\/index.php\/parcs-nationaux-de-floride\/","title":{"rendered":"PARCS NATIONAUX DE FLORIDE"},"content":{"rendered":"<p style=\"text-align: center;\"><span style=\"font-family: Georgia, Palatino; font-size: 24pt;\"><strong>LES EVERGLADES<\/strong><\/span><\/p>\n<div data-blogger-escaped-abp=\"653\">\n<div data-blogger-escaped-abp=\"653\">\n<div data-blogger-escaped-abp=\"653\">\n<div data-blogger-escaped-abp=\"877\">\n<div style=\"text-align: center;\" data-blogger-escaped-abp=\"656\">\n<div data-blogger-escaped-abp=\"653\">\n<div data-blogger-escaped-abp=\"653\">\n<div data-blogger-escaped-abp=\"653\">\n<div data-blogger-escaped-abp=\"653\">\n<div data-blogger-escaped-abp=\"653\">\n<div data-blogger-escaped-abp=\"653\">\n<div data-blogger-escaped-abp=\"653\">\n<div data-blogger-escaped-abp=\"653\">\n<div data-blogger-escaped-abp=\"653\">\n<div data-blogger-escaped-abp=\"653\">\n<div data-blogger-escaped-abp=\"874\">\n<p><span style=\"font-size: 14pt;\">Les\u00a0Everglades\u00a0sont une zone humide subtropicale du sud de la Floride.\u00a0<\/span><\/p>\n<p><span style=\"font-size: 14pt;\">C&rsquo;est une \u00e9cor\u00e9gion terrestre\u00a0d\u00e9finie par le\u00a0WWF,<\/span><\/p>\n<p><span style=\"font-size: 14pt;\">qui appartient au biome des prairies et savanes inond\u00e9es.\u00a0<\/span><\/p>\n<p><span style=\"font-size: 14pt;\">La zone est partiellement prot\u00e9g\u00e9e, en particulier par le parc national des Everglades,\u00a0qui est mondialement connu.<\/span><\/p>\n<p><span style=\"font-size: 14pt;\">Les Everglades couvrent une superficie de plus de 15\u00a0000 km\u00b2.<\/span><\/p>\n<div data-blogger-escaped-abp=\"871\">\n<p><span style=\"font-size: 14pt;\" data-blogger-escaped-style=\"color: blue; font-size: large;\" data-blogger-escaped-abp=\"872\">Enric va-t-il voir un crocodile ???!!!<\/span><\/p>\n<\/div>\n<div data-blogger-escaped-abp=\"653\">\n<div data-blogger-escaped-abp=\"874\">\n<p><span style=\"font-size: 14pt;\" data-blogger-escaped-style=\"color: blue; font-size: large;\" data-blogger-escaped-abp=\"875\">Nous faisons un tour d&rsquo;airboat, sympa mais touristique \u00e0 fond !<\/span><\/p>\n<\/div>\n<\/div>\n<\/div>\n<div data-blogger-escaped-abp=\"653\">\n<div data-blogger-escaped-abp=\"877\">\n<p><span style=\"font-size: 14pt;\"><a href=\"http:\/\/1.bp.blogspot.com\/-Ij14UbJhx_g\/V5EngRscpVI\/AAAAAAAAFog\/Tzb-h5CQpgQ_VPodEJ3hFdmVXwzIkk5ewCK4B\/s1600\/DSC02718.JPG\" data-blogger-escaped-abp=\"878\"><img decoding=\"async\" loading=\"lazy\" src=\"https:\/\/1.bp.blogspot.com\/-Ij14UbJhx_g\/V5EngRscpVI\/AAAAAAAAFog\/Tzb-h5CQpgQ_VPodEJ3hFdmVXwzIkk5ewCK4B\/s320\/DSC02718.JPG\" width=\"320\" height=\"240\" border=\"0\" data-blogger-escaped-abp=\"879\" \/><\/a>\u00a0<a href=\"http:\/\/3.bp.blogspot.com\/-3d-nJz1CU84\/V5EnsEoT6jI\/AAAAAAAAFow\/NgOSuoKSZ7AD2JgYEhtzOwVWe3FSCQCygCK4B\/s1600\/DSC02678.JPG\" data-blogger-escaped-abp=\"880\"><img decoding=\"async\" loading=\"lazy\" src=\"https:\/\/3.bp.blogspot.com\/-3d-nJz1CU84\/V5EnsEoT6jI\/AAAAAAAAFow\/NgOSuoKSZ7AD2JgYEhtzOwVWe3FSCQCygCK4B\/s320\/DSC02678.JPG\" width=\"320\" height=\"240\" border=\"0\" data-blogger-escaped-abp=\"881\" \/><\/a>\u00a0<\/span><\/p>\n<p><span style=\"font-size: 14pt;\"><a href=\"http:\/\/1.bp.blogspot.com\/-2WU03cUbYR0\/V5Ens0h6EPI\/AAAAAAAAFo4\/tY3OR2uDLxcpoIJAjsdzCzzpNmzOu8RIwCK4B\/s1600\/DSC02679.JPG\" data-blogger-escaped-abp=\"882\"><img decoding=\"async\" loading=\"lazy\" src=\"https:\/\/1.bp.blogspot.com\/-2WU03cUbYR0\/V5Ens0h6EPI\/AAAAAAAAFo4\/tY3OR2uDLxcpoIJAjsdzCzzpNmzOu8RIwCK4B\/s320\/DSC02679.JPG\" width=\"320\" height=\"240\" border=\"0\" data-blogger-escaped-abp=\"883\" \/><\/a>\u00a0<a href=\"http:\/\/3.bp.blogspot.com\/-LRcgSM-lAEE\/V5EnuGR3m3I\/AAAAAAAAFpA\/wjjC_T-ZuJsllqeMVqtbGJ5Kwoh0nlw6wCK4B\/s1600\/DSC02681.JPG\" data-blogger-escaped-abp=\"884\"><img decoding=\"async\" loading=\"lazy\" src=\"https:\/\/3.bp.blogspot.com\/-LRcgSM-lAEE\/V5EnuGR3m3I\/AAAAAAAAFpA\/wjjC_T-ZuJsllqeMVqtbGJ5Kwoh0nlw6wCK4B\/s320\/DSC02681.JPG\" width=\"320\" height=\"240\" border=\"0\" data-blogger-escaped-abp=\"885\" \/><\/a>\u00a0<\/span><\/p>\n<p><span style=\"font-size: 14pt;\">\u00a0<a href=\"http:\/\/2.bp.blogspot.com\/-Mjn1UIizq4s\/V5EnrqhEECI\/AAAAAAAAFoo\/qWP3K-J71RgP1lsaeutsRvErK3vMYMDNACK4B\/s1600\/DSC02685.JPG\" data-blogger-escaped-abp=\"888\"><img decoding=\"async\" loading=\"lazy\" src=\"https:\/\/2.bp.blogspot.com\/-Mjn1UIizq4s\/V5EnrqhEECI\/AAAAAAAAFoo\/qWP3K-J71RgP1lsaeutsRvErK3vMYMDNACK4B\/s320\/DSC02685.JPG\" width=\"240\" height=\"320\" border=\"0\" data-blogger-escaped-abp=\"889\" \/><\/a>\u00a0<a href=\"http:\/\/1.bp.blogspot.com\/-FSBiN9et3S8\/V5EnvkC32hI\/AAAAAAAAFpQ\/KPTUz0jLVLo7ugqvSb11WdcDeoTiVpoSwCK4B\/s1600\/DSC02692.JPG\" data-blogger-escaped-abp=\"890\"><img decoding=\"async\" loading=\"lazy\" src=\"https:\/\/1.bp.blogspot.com\/-FSBiN9et3S8\/V5EnvkC32hI\/AAAAAAAAFpQ\/KPTUz0jLVLo7ugqvSb11WdcDeoTiVpoSwCK4B\/s320\/DSC02692.JPG\" width=\"320\" height=\"240\" border=\"0\" data-blogger-escaped-abp=\"891\" \/><\/a><\/span><\/p>\n<\/div>\n<div data-blogger-escaped-abp=\"893\">\n<p><span style=\"font-size: 14pt;\" data-blogger-escaped-style=\"color: blue; font-size: large;\" data-blogger-escaped-abp=\"894\">Voici cach\u00e9 un b\u00e9b\u00e9 crocodile !<\/span><\/p>\n<\/div>\n<div data-blogger-escaped-abp=\"895\">\n<p><span style=\"font-size: 14pt;\"><a href=\"http:\/\/4.bp.blogspot.com\/-nbT0ZKVvXKs\/V5EnzYYf-yI\/AAAAAAAAFpY\/T9DtS86JQ_gxEKVXPv6BK2a0LEsxgLlqQCK4B\/s1600\/DSC02687.JPG\" data-blogger-escaped-abp=\"896\"><img decoding=\"async\" loading=\"lazy\" src=\"https:\/\/4.bp.blogspot.com\/-nbT0ZKVvXKs\/V5EnzYYf-yI\/AAAAAAAAFpY\/T9DtS86JQ_gxEKVXPv6BK2a0LEsxgLlqQCK4B\/s320\/DSC02687.JPG\" width=\"320\" height=\"240\" border=\"0\" data-blogger-escaped-abp=\"897\" \/><\/a><\/span><\/p>\n<\/div>\n<div data-blogger-escaped-abp=\"653\">\n<div data-blogger-escaped-abp=\"653\">\n<div data-blogger-escaped-abp=\"901\">\n<p><span style=\"font-size: 14pt;\" data-blogger-escaped-style=\"color: blue; font-size: large;\" data-blogger-escaped-abp=\"902\">\u00a0Un petit tour dans le parc &#8230;<\/span><\/p>\n<\/div>\n<div data-blogger-escaped-abp=\"904\">\n<p><span style=\"font-size: 14pt;\"><a href=\"http:\/\/1.bp.blogspot.com\/-Op0t4-SrqNc\/V5En3jsbA2I\/AAAAAAAAFpg\/e0U40aqauyo3YV0pnwWYwzocqZPkjxm7QCK4B\/s1600\/DSC02705.JPG\" data-blogger-escaped-abp=\"905\"><img decoding=\"async\" loading=\"lazy\" src=\"https:\/\/1.bp.blogspot.com\/-Op0t4-SrqNc\/V5En3jsbA2I\/AAAAAAAAFpg\/e0U40aqauyo3YV0pnwWYwzocqZPkjxm7QCK4B\/s320\/DSC02705.JPG\" width=\"320\" height=\"240\" border=\"0\" data-blogger-escaped-abp=\"906\" \/><\/a>\u00a0<a href=\"http:\/\/1.bp.blogspot.com\/-WVwjbwXk0wk\/V5En7lv_MpI\/AAAAAAAAFpo\/8L9hx6a3aqc10498NCJzKRvzlEbK47LigCK4B\/s1600\/DSC02710.JPG\" data-blogger-escaped-abp=\"907\"><img decoding=\"async\" loading=\"lazy\" src=\"https:\/\/1.bp.blogspot.com\/-WVwjbwXk0wk\/V5En7lv_MpI\/AAAAAAAAFpo\/8L9hx6a3aqc10498NCJzKRvzlEbK47LigCK4B\/s320\/DSC02710.JPG\" width=\"320\" height=\"240\" border=\"0\" data-blogger-escaped-abp=\"908\" \/><\/a>\u00a0<\/span><\/p>\n<p><span style=\"font-size: 14pt;\"><a href=\"http:\/\/1.bp.blogspot.com\/--TX9SBe04yo\/V5En8WTAAQI\/AAAAAAAAFpw\/lXJ0Gqb4XU4PQt7rbJD9WhcstKAXU0EBgCK4B\/s1600\/DSC02711.JPG\" data-blogger-escaped-abp=\"909\"><img decoding=\"async\" loading=\"lazy\" src=\"https:\/\/1.bp.blogspot.com\/--TX9SBe04yo\/V5En8WTAAQI\/AAAAAAAAFpw\/lXJ0Gqb4XU4PQt7rbJD9WhcstKAXU0EBgCK4B\/s320\/DSC02711.JPG\" width=\"320\" height=\"240\" border=\"0\" data-blogger-escaped-abp=\"910\" \/><\/a>\u00a0<a href=\"http:\/\/2.bp.blogspot.com\/-bwVU1Vil13U\/V5En87Gbw6I\/AAAAAAAAFp4\/YvN0U_rIIvI8QS4e2YQh7rMXFH2biSOzACK4B\/s1600\/DSC02716.JPG\" data-blogger-escaped-abp=\"911\"><img decoding=\"async\" loading=\"lazy\" src=\"https:\/\/2.bp.blogspot.com\/-bwVU1Vil13U\/V5En87Gbw6I\/AAAAAAAAFp4\/YvN0U_rIIvI8QS4e2YQh7rMXFH2biSOzACK4B\/s320\/DSC02716.JPG\" width=\"320\" height=\"240\" border=\"0\" data-blogger-escaped-abp=\"912\" \/><\/a><\/span><\/p>\n<\/div>\n<div data-blogger-escaped-abp=\"914\">\n<p><span style=\"font-size: 14pt;\" data-blogger-escaped-style=\"color: blue; font-size: large;\" data-blogger-escaped-abp=\"915\">Esteban a pris un croco dans les mains et nous nous l&rsquo;avons caress\u00e9.<\/span><\/p>\n<\/div>\n<div data-blogger-escaped-abp=\"916\">\n<p><span style=\"font-size: 14pt;\" data-blogger-escaped-style=\"color: blue; font-size: large;\" data-blogger-escaped-abp=\"917\">C&rsquo;est tout doux on dirait de la peau de p\u00eache !<\/span><\/p>\n<\/div>\n<div data-blogger-escaped-abp=\"918\">\n<p><span style=\"font-size: 14pt;\"><a href=\"http:\/\/4.bp.blogspot.com\/-g0mlXa2iTnM\/V5EoGTf_xPI\/AAAAAAAAFqA\/25C5iimUn-Mcg7c_n_Pd7PW84eRlZqfPQCK4B\/s1600\/DSC02714.JPG\" data-blogger-escaped-abp=\"919\"><img decoding=\"async\" loading=\"lazy\" src=\"https:\/\/4.bp.blogspot.com\/-g0mlXa2iTnM\/V5EoGTf_xPI\/AAAAAAAAFqA\/25C5iimUn-Mcg7c_n_Pd7PW84eRlZqfPQCK4B\/s320\/DSC02714.JPG\" width=\"240\" height=\"320\" border=\"0\" data-blogger-escaped-abp=\"921\" \/><\/a>\u00a0<\/span><\/p>\n<\/div>\n<\/div>\n<\/div>\n<\/div>\n<\/div>\n<\/div>\n<\/div>\n<\/div>\n<\/div>\n<\/div>\n<\/div>\n<\/div>\n<\/div>\n<\/div>\n<\/div>\n<div style=\"text-align: center;\" data-blogger-escaped-style=\"text-align: center;\" data-blogger-escaped-abp=\"731\"><span style=\"font-size: 14pt;\" data-blogger-escaped-style=\"font-size: large;\"><strong>RETROUVER UN PETIT FILM SUR\u00a0LES EVERGLADES DANS L&rsquo;ONGLET \u00a0\u00bb NOS VIDEOS \u00ab\u00a0<\/strong><br \/>\n<\/span><\/div>\n<div style=\"text-align: center;\" data-blogger-escaped-style=\"text-align: center;\" data-blogger-escaped-abp=\"735\">\n<div data-blogger-escaped-abp=\"736\">\n<p><span style=\"font-size: 14pt;\" data-blogger-escaped-style=\"color: blue; font-size: large; text-align: left;\" data-blogger-escaped-abp=\"41386\">\u00a0<\/span><\/p>\n<p><span style=\"font-size: 14pt;\">\u00a0<\/span><\/p>\n<\/div>\n<\/div>\n<div style=\"text-align: center;\" data-blogger-escaped-abp=\"738\"><span style=\"font-size: 14pt;\">\u00a0<\/span><\/div>\n<\/div>\n<\/div>\n<\/div>\n<\/div>\n","protected":false},"excerpt":{"rendered":"<p>LES EVERGLADES Les\u00a0Everglades\u00a0sont une zone humide subtropicale du sud de la Floride.\u00a0 C&rsquo;est une \u00e9cor\u00e9gion terrestre\u00a0d\u00e9finie par le\u00a0WWF, qui appartient au biome des prairies et savanes inond\u00e9es.\u00a0 La zone est partiellement prot\u00e9g\u00e9e, en particulier par le parc national des Everglades,\u00a0qui est mondialement connu. Les Everglades couvrent une superficie de plus de 15\u00a0000 km\u00b2. Enric va-t-il voir un crocodile ???!!! Nous faisons un tour d&rsquo;airboat, sympa mais touristique \u00e0 fond ! \u00a0\u00a0 \u00a0\u00a0 \u00a0\u00a0 Voici cach\u00e9 un b\u00e9b\u00e9 crocodile ! \u00a0Un&#8230;<\/p>\n<p class=\"read-more\"><a class=\"btn btn-default\" href=\"https:\/\/initiation-voyages.fr\/index.php\/parcs-nationaux-de-floride\/\">Lire la suite<span class=\"screen-reader-text\"> Lire la suite<\/span><\/a><\/p>\n","protected":false},"author":1,"featured_media":0,"parent":0,"menu_order":0,"comment_status":"closed","ping_status":"closed","template":"","meta":[],"_links":{"self":[{"href":"https:\/\/initiation-voyages.fr\/index.php\/wp-json\/wp\/v2\/pages\/565"}],"collection":[{"href":"https:\/\/initiation-voyages.fr\/index.php\/wp-json\/wp\/v2\/pages"}],"about":[{"href":"https:\/\/initiation-voyages.fr\/index.php\/wp-json\/wp\/v2\/types\/page"}],"author":[{"embeddable":true,"href":"https:\/\/initiation-voyages.fr\/index.php\/wp-json\/wp\/v2\/users\/1"}],"replies":[{"embeddable":true,"href":"https:\/\/initiation-voyages.fr\/index.php\/wp-json\/wp\/v2\/comments?post=565"}],"version-history":[{"count":3,"href":"https:\/\/initiation-voyages.fr\/index.php\/wp-json\/wp\/v2\/pages\/565\/revisions"}],"predecessor-version":[{"id":568,"href":"https:\/\/initiation-voyages.fr\/index.php\/wp-json\/wp\/v2\/pages\/565\/revisions\/568"}],"wp:attachment":[{"href":"https:\/\/initiation-voyages.fr\/index.php\/wp-json\/wp\/v2\/media?parent=565"}],"curies":[{"name":"wp","href":"https:\/\/api.w.org\/{rel}","templated":true}]}}