{"id":276,"date":"2018-01-21T17:16:35","date_gmt":"2018-01-21T16:16:35","guid":{"rendered":"http:\/\/initiation-voyages.fr\/?page_id=276"},"modified":"2018-01-21T17:16:35","modified_gmt":"2018-01-21T16:16:35","slug":"andorre","status":"publish","type":"page","link":"https:\/\/initiation-voyages.fr\/index.php\/andorre\/","title":{"rendered":"ANDORRE"},"content":{"rendered":"<div data-blogger-escaped-style=\"text-align: left;\">\n<p style=\"text-align: center;\"><span style=\"font-size: 24pt;\"><strong><span style=\"font-family: Georgia, Palatino;\" data-blogger-escaped-style=\"color: blue; font-size: large;\">2014<\/span><span style=\"font-family: Georgia, Palatino;\" data-blogger-escaped-style=\"color: blue; font-size: large;\">\u00a0<\/span><\/strong><\/span><\/p>\n<\/div>\n<div style=\"text-align: center;\" data-blogger-escaped-style=\"text-align: center;\">\n<p><span style=\"font-family: Georgia, Palatino; font-size: 14pt;\" data-blogger-escaped-style=\"color: blue; font-size: large;\">Andorre, d\u00e9part de nos vacances d&rsquo;\u00e9t\u00e9 en camping car afin de rejoindre l&rsquo;Espagne.<\/span><\/p>\n<div data-blogger-escaped-style=\"text-align: center;\">\n<p><span style=\"font-size: 14pt;\">Montagne et tranquillit\u00e9 &#8230;\u00a0<\/span><\/p>\n<\/div>\n<p><span style=\"font-family: Georgia, Palatino; font-size: 14pt;\">La principaut\u00e9 d&rsquo;Andorre, en catalan Andorra et Principat d\u2019Andorra, est un \u00c9tat d&rsquo;Europe du Sud et, selon certaines d\u00e9finitions, de l&rsquo;Ouest. Bord\u00e9e par l&rsquo;Espagne et la France (donc enclav\u00e9e dans l&rsquo;Union europ\u00e9enne), sa localisation dans le massif des Pyr\u00e9n\u00e9es en fait un \u00c9tat principalement constitu\u00e9 de montagnes \u00e9lev\u00e9es. Il s&rsquo;agit d&rsquo;un des plus petits \u00c9tats souverains d&rsquo;Europe, avec une superficie de 468 km2 et une population estim\u00e9e \u00e0 85 458 habitants en 2014. \u00c9tablie \u00e0 1 023 m\u00e8tres au-dessus du niveau de la mer, Andorre-la-Vieille, sa capitale, est la plus haute d&rsquo;Europe. La langue officielle est le catalan, la monnaie officielle l&rsquo;euro.<\/span><\/p>\n<p>&nbsp;<\/p>\n<p><span style=\"font-size: 14pt;\"><strong>Meritxell<\/strong><\/span><\/p>\n<p><span style=\"color: #000000;\"><span style=\"font-size: 14pt;\">Notre Dame de Meritxell\u00a0est une statue\u00a0romane catholique d&rsquo;Andorre repr\u00e9sentant une apparition de la Vierge Marie.\u00a0 Elle est la Sainte Patronne de l&rsquo;Andorre.\u00a0 \u00a0 \u00a0 \u00a0 \u00a0 \u00a0 \u00a0<\/span><span style=\"font-size: 14pt;\">La statue originale, dat\u00e9e de la fin du\u00a012 \u00e8me si\u00e8cle, a \u00e9t\u00e9 d\u00e9truite lors d&rsquo;un incendie de la chapelle dans laquelle elle \u00e9tait conserv\u00e9e. Dans le nouveau sanctuaire de Meritxell cr\u00e9\u00e9 en 1976,\u00a0on peut en admirer une r\u00e9plique.<\/span><\/span><\/p>\n<p><span style=\"font-size: 14pt; color: #000000;\">Selon la l\u00e9gende, c&rsquo;est vers la fin du 12\u00e8me<u>\u00a0<\/u>si\u00e8cle que\u00a0les villageois de Meritxell trouvent un rosier sauvage en fleur sur un espace miraculeusement \u00e9pargn\u00e9 par la neige. \u00c0 sa base, une statue de la vierge \u00e0 l&rsquo;enfant est d\u00e9couverte. La statue est plac\u00e9e dans l&rsquo;\u00e9glise deCanillo. Cependant, le lendemain, la statue a disparu\u00a0; elle est retrouv\u00e9e sous le rosier. On d\u00e9place alors la statue dans l&rsquo;\u00e9glise d&rsquo;Encamp. Mais, de la m\u00eame mani\u00e8re, la statue est retrouv\u00e9e le lendemain sous le rosier. Les villageois de Meritxell interpr\u00e8tent cela comme un signe et d\u00e9cident de construire \u00e0 cet emplacement une nouvelle chapelle pour leur village.<\/span><\/p>\n<\/div>\n<div style=\"text-align: center;\" data-blogger-escaped-style=\"text-align: center;\">\n<p><span style=\"font-family: Georgia, Palatino; font-size: 14pt;\"><a href=\"https:\/\/3.bp.blogspot.com\/-pEKN2uJJ8yk\/V1Qpg_zh-7I\/AAAAAAAACw4\/WXT-zfiTkLEAjGZvLhRoHskO0HasypbbgCLcB\/s1600\/vacances%2B2014%2B%252825%2529.jpg\" data-blogger-escaped-style=\"margin-left: 1em; margin-right: 1em;\"><img decoding=\"async\" loading=\"lazy\" src=\"https:\/\/3.bp.blogspot.com\/-pEKN2uJJ8yk\/V1Qpg_zh-7I\/AAAAAAAACw4\/WXT-zfiTkLEAjGZvLhRoHskO0HasypbbgCLcB\/s320\/vacances%2B2014%2B%252825%2529.jpg\" width=\"320\" height=\"240\" border=\"0\" \/><\/a><\/span><span style=\"font-family: Georgia, Palatino; font-size: 14pt;\">\u00a0<a href=\"https:\/\/3.bp.blogspot.com\/-Ep5tF04vue8\/V1QpfB8UMFI\/AAAAAAAACws\/x8iCQ80Tmy0BTjC5yE2BNIticPow3DgYwCLcB\/s1600\/vacances%2B2014%2B%252824%2529.jpg\" data-blogger-escaped-style=\"margin-left: 1em; margin-right: 1em;\"><img decoding=\"async\" loading=\"lazy\" src=\"https:\/\/3.bp.blogspot.com\/-Ep5tF04vue8\/V1QpfB8UMFI\/AAAAAAAACws\/x8iCQ80Tmy0BTjC5yE2BNIticPow3DgYwCLcB\/s320\/vacances%2B2014%2B%252824%2529.jpg\" width=\"320\" height=\"240\" border=\"0\" \/><\/a><\/span><span style=\"font-family: Georgia, Palatino; font-size: 14pt;\" data-blogger-escaped-style=\"color: blue; font-size: large;\">\u00a0<\/span><\/p>\n<\/div>\n<p class=\"separator\" style=\"text-align: center;\" data-blogger-escaped-style=\"clear: both; text-align: center;\"><span style=\"font-family: Georgia, Palatino; font-size: 14pt;\"><a href=\"https:\/\/2.bp.blogspot.com\/-AeNJt5_LzHM\/V1QqHm4YkEI\/AAAAAAAACxU\/rtM8RPj8A2cNRI65naTWCgDxnLhsj60igCLcB\/s1600\/vacances%2B2014%2B%25284%2529.jpg\" data-blogger-escaped-style=\"margin-left: 1em; margin-right: 1em;\"><img decoding=\"async\" loading=\"lazy\" src=\"https:\/\/2.bp.blogspot.com\/-AeNJt5_LzHM\/V1QqHm4YkEI\/AAAAAAAACxU\/rtM8RPj8A2cNRI65naTWCgDxnLhsj60igCLcB\/s320\/vacances%2B2014%2B%25284%2529.jpg\" width=\"240\" height=\"320\" border=\"0\" \/>\u00a0<\/a><\/span><span style=\"font-family: Georgia, Palatino; font-size: 14pt;\" data-blogger-escaped-style=\"color: blue; font-size: large;\">\u00a0<!-- x-tinymce\/html --><!-- x-tinymce\/html --><a href=\"https:\/\/2.bp.blogspot.com\/-MwBaCvbX8KI\/V1QoTKus0xI\/AAAAAAAACwA\/sKJrwxdQB4we4xLu1jegMK38KS0fFSDYACLcB\/s1600\/vacances%2B2014%2B%25281%2529.jpg\" data-blogger-escaped-style=\"margin-left: 1em; margin-right: 1em;\"><img decoding=\"async\" loading=\"lazy\" src=\"https:\/\/2.bp.blogspot.com\/-MwBaCvbX8KI\/V1QoTKus0xI\/AAAAAAAACwA\/sKJrwxdQB4we4xLu1jegMK38KS0fFSDYACLcB\/s320\/vacances%2B2014%2B%25281%2529.jpg\" width=\"240\" height=\"320\" border=\"0\" \/><\/a><\/span><\/p>\n<p class=\"separator\" style=\"text-align: center;\" data-blogger-escaped-style=\"clear: both; text-align: center;\"><span style=\"font-family: Georgia, Palatino; font-size: 14pt;\">\u00a0<a href=\"https:\/\/1.bp.blogspot.com\/-t2hNzF8oUlk\/V1Qo759edQI\/AAAAAAAACwc\/Sae7nY1loEEilzBPXRc0J5ARqYDX4JK2wCLcB\/s1600\/vacances%2B2014%2B%25282%2529.jpg\" data-blogger-escaped-style=\"margin-left: 1em; margin-right: 1em;\"><img decoding=\"async\" loading=\"lazy\" src=\"https:\/\/1.bp.blogspot.com\/-t2hNzF8oUlk\/V1Qo759edQI\/AAAAAAAACwc\/Sae7nY1loEEilzBPXRc0J5ARqYDX4JK2wCLcB\/s320\/vacances%2B2014%2B%25282%2529.jpg\" width=\"240\" height=\"320\" border=\"0\" \/><\/a>\u00a0<a href=\"https:\/\/4.bp.blogspot.com\/-Wdxmez8a4SY\/V1QqmbGZpbI\/AAAAAAAACxs\/aiu7jWP4OyA5Bc2GWkuL2E7FNb8DVvHVACLcB\/s1600\/vacances%2B2014%2B%25286%2529.jpg\" data-blogger-escaped-style=\"margin-left: 1em; margin-right: 1em;\"><img decoding=\"async\" loading=\"lazy\" src=\"https:\/\/4.bp.blogspot.com\/-Wdxmez8a4SY\/V1QqmbGZpbI\/AAAAAAAACxs\/aiu7jWP4OyA5Bc2GWkuL2E7FNb8DVvHVACLcB\/s320\/vacances%2B2014%2B%25286%2529.jpg\" width=\"240\" height=\"320\" border=\"0\" \/><\/a><\/span><span style=\"font-family: Georgia, Palatino; font-size: 14pt;\">\u00a0<\/span><\/p>\n<p class=\"separator\" style=\"text-align: center;\" data-blogger-escaped-style=\"clear: both; text-align: center;\"><span style=\"font-family: Georgia, Palatino; font-size: 14pt;\"><a href=\"https:\/\/4.bp.blogspot.com\/-W3XdxaeSjkA\/V1QqiWzsfgI\/AAAAAAAACxo\/9AhD7PoMq78Xnfm2_4rLe8er9DKaoO8XACLcB\/s1600\/vacances%2B2014%2B%25287%2529.jpg\" data-blogger-escaped-style=\"margin-left: 1em; margin-right: 1em;\"><img decoding=\"async\" loading=\"lazy\" src=\"https:\/\/4.bp.blogspot.com\/-W3XdxaeSjkA\/V1QqiWzsfgI\/AAAAAAAACxo\/9AhD7PoMq78Xnfm2_4rLe8er9DKaoO8XACLcB\/s320\/vacances%2B2014%2B%25287%2529.jpg\" width=\"240\" height=\"320\" border=\"0\" \/><\/a>\u00a0<a href=\"https:\/\/2.bp.blogspot.com\/-qUEAhjQSSeA\/V1QoO2TwjBI\/AAAAAAAACv0\/zNIyjKkk_R8MEN9QUyDsyg1NiBrJ4lw7ACLcB\/s1600\/vacances%2B2014%2B%252810%2529.jpg\" data-blogger-escaped-style=\"margin-left: 1em; margin-right: 1em;\"><img decoding=\"async\" loading=\"lazy\" src=\"https:\/\/2.bp.blogspot.com\/-qUEAhjQSSeA\/V1QoO2TwjBI\/AAAAAAAACv0\/zNIyjKkk_R8MEN9QUyDsyg1NiBrJ4lw7ACLcB\/s320\/vacances%2B2014%2B%252810%2529.jpg\" width=\"320\" height=\"240\" border=\"0\" \/><\/a><\/span><\/p>\n<p class=\"separator\" style=\"text-align: center;\" data-blogger-escaped-style=\"clear: both; text-align: center;\"><span style=\"font-family: Georgia, Palatino; font-size: 14pt;\"><a href=\"https:\/\/4.bp.blogspot.com\/-mBTvsUKdeuk\/V1Qpd6twT2I\/AAAAAAAACwo\/jAf1qRvipWESkZFWJfsmvR28gkdJCmGgQCLcB\/s1600\/vacances%2B2014%2B%252823%2529.jpg\" data-blogger-escaped-style=\"margin-left: 1em; margin-right: 1em;\"><img decoding=\"async\" loading=\"lazy\" src=\"https:\/\/4.bp.blogspot.com\/-mBTvsUKdeuk\/V1Qpd6twT2I\/AAAAAAAACwo\/jAf1qRvipWESkZFWJfsmvR28gkdJCmGgQCLcB\/s320\/vacances%2B2014%2B%252823%2529.jpg\" width=\"320\" height=\"240\" border=\"0\" \/><\/a>\u00a0<\/span><\/p>\n<p class=\"separator\" style=\"text-align: center;\" data-blogger-escaped-style=\"clear: both; text-align: center;\"><span style=\"font-family: Georgia, Palatino; font-size: 14pt;\">\u00a0<a href=\"https:\/\/2.bp.blogspot.com\/-i5_8Cw2YcOI\/V1QoSgPkePI\/AAAAAAAACv8\/n8cijDb6PysiAiKQPOWGLTXX3XYk80kcQCLcB\/s1600\/vacances%2B2014%2B%252816%2529.jpg\" data-blogger-escaped-style=\"margin-left: 1em; margin-right: 1em;\"><img decoding=\"async\" loading=\"lazy\" src=\"https:\/\/2.bp.blogspot.com\/-i5_8Cw2YcOI\/V1QoSgPkePI\/AAAAAAAACv8\/n8cijDb6PysiAiKQPOWGLTXX3XYk80kcQCLcB\/s320\/vacances%2B2014%2B%252816%2529.jpg\" width=\"240\" height=\"320\" border=\"0\" \/><\/a><\/span><\/p>\n<p class=\"separator\" style=\"text-align: center;\" data-blogger-escaped-style=\"clear: both; text-align: center;\"><span style=\"font-family: Georgia, Palatino; font-size: 14pt;\">\u00a0Nous prenons ensuite la route vers Naturlandia, un parc d&rsquo;aventure typiquement d&rsquo;Andorre, <\/span><\/p>\n<p class=\"separator\" style=\"text-align: center;\" data-blogger-escaped-style=\"clear: both; text-align: center;\"><span style=\"font-family: Georgia, Palatino; font-size: 14pt;\">que vous pouvez retrouver directement dans l&rsquo;onglet \u00a0\u00bb PARCS D&rsquo;ATTRACTIONS \u00ab\u00a0.<\/span><\/p>\n<p class=\"separator\" style=\"text-align: center;\" data-blogger-escaped-style=\"clear: both; text-align: center;\"><span style=\"font-family: Georgia, Palatino; font-size: 14pt;\">\u00a0<\/span><\/p>\n","protected":false},"excerpt":{"rendered":"<p>2014\u00a0 Andorre, d\u00e9part de nos vacances d&rsquo;\u00e9t\u00e9 en camping car afin de rejoindre l&rsquo;Espagne. Montagne et tranquillit\u00e9 &#8230;\u00a0 La principaut\u00e9 d&rsquo;Andorre, en catalan Andorra et Principat d\u2019Andorra, est un \u00c9tat d&rsquo;Europe du Sud et, selon certaines d\u00e9finitions, de l&rsquo;Ouest. Bord\u00e9e par l&rsquo;Espagne et la France (donc enclav\u00e9e dans l&rsquo;Union europ\u00e9enne), sa localisation dans le massif des Pyr\u00e9n\u00e9es en fait un \u00c9tat principalement constitu\u00e9 de montagnes \u00e9lev\u00e9es. Il s&rsquo;agit d&rsquo;un des plus petits \u00c9tats souverains d&rsquo;Europe, avec une superficie de 468&#8230;<\/p>\n<p class=\"read-more\"><a class=\"btn btn-default\" href=\"https:\/\/initiation-voyages.fr\/index.php\/andorre\/\">Lire la suite<span class=\"screen-reader-text\"> Lire la suite<\/span><\/a><\/p>\n","protected":false},"author":1,"featured_media":0,"parent":0,"menu_order":0,"comment_status":"closed","ping_status":"closed","template":"","meta":[],"_links":{"self":[{"href":"https:\/\/initiation-voyages.fr\/index.php\/wp-json\/wp\/v2\/pages\/276"}],"collection":[{"href":"https:\/\/initiation-voyages.fr\/index.php\/wp-json\/wp\/v2\/pages"}],"about":[{"href":"https:\/\/initiation-voyages.fr\/index.php\/wp-json\/wp\/v2\/types\/page"}],"author":[{"embeddable":true,"href":"https:\/\/initiation-voyages.fr\/index.php\/wp-json\/wp\/v2\/users\/1"}],"replies":[{"embeddable":true,"href":"https:\/\/initiation-voyages.fr\/index.php\/wp-json\/wp\/v2\/comments?post=276"}],"version-history":[{"count":4,"href":"https:\/\/initiation-voyages.fr\/index.php\/wp-json\/wp\/v2\/pages\/276\/revisions"}],"predecessor-version":[{"id":416,"href":"https:\/\/initiation-voyages.fr\/index.php\/wp-json\/wp\/v2\/pages\/276\/revisions\/416"}],"wp:attachment":[{"href":"https:\/\/initiation-voyages.fr\/index.php\/wp-json\/wp\/v2\/media?parent=276"}],"curies":[{"name":"wp","href":"https:\/\/api.w.org\/{rel}","templated":true}]}}