{"id":272,"date":"2018-02-12T13:41:29","date_gmt":"2018-02-12T12:41:29","guid":{"rendered":"http:\/\/initiation-voyages.fr\/?page_id=272"},"modified":"2018-02-22T22:39:02","modified_gmt":"2018-02-22T21:39:02","slug":"ok-corral","status":"publish","type":"page","link":"https:\/\/initiation-voyages.fr\/index.php\/ok-corral\/","title":{"rendered":"OK CORRAL"},"content":{"rendered":"<div data-blogger-escaped-style=\"text-align: left;\">\n<p style=\"text-align: center;\"><span style=\"font-family: Georgia, Palatino; font-size: 24pt;\" data-blogger-escaped-style=\"color: blue; font-size: large;\">2013<\/span><span style=\"font-family: Georgia, Palatino; font-size: 14pt;\" data-blogger-escaped-style=\"color: blue; font-size: large;\">\u00a0<\/span><\/p>\n<\/div>\n<div style=\"text-align: center;\" data-blogger-escaped-style=\"text-align: center;\">\n<p><span style=\"font-family: Georgia, Palatino; font-size: 14pt;\"><span style=\"background: white; color: #222222;\">Ok Corral<\/span><span style=\"background: white; color: #222222;\">\u00a0est un parc d&rsquo;attractions situ\u00e9 \u00e0 Cuges-les-Pins entre Marseille et La Ciotat.<\/span><\/span><\/p>\n<p><span style=\"font-family: Georgia, Palatino; font-size: 14pt;\"><span style=\"background: white; color: #222222;\">Son nom est inspir\u00e9 de la c\u00e9l\u00e8bre bataille d&rsquo;Ok Corral <\/span><span style=\"background: white; color: #222222;\">qui vit l&rsquo;affrontement, en 1881, de deux clans rivaux en Arizona.<\/span><\/span><\/p>\n<\/div>\n<div data-blogger-escaped-style=\"text-align: center;\">\n<p style=\"text-align: center;\"><span style=\"font-family: Georgia, Palatino; font-size: 14pt;\" data-blogger-escaped-style=\"color: blue; font-size: large;\">Parc sans pr\u00e9tention mais l&rsquo;amusement est garanti.<\/span><\/p>\n<div style=\"text-align: center;\" data-blogger-escaped-style=\"text-align: center;\">\n<p><span style=\"font-family: Georgia, Palatino; font-size: 14pt;\" data-blogger-escaped-style=\"color: blue; font-size: large;\">Petite particularit\u00e9, \u00e0 l&rsquo;\u00e9poque, le parc ferme les attractions entre 12h et 14h !!!<\/span><\/p>\n<\/div>\n<div style=\"text-align: center;\" data-blogger-escaped-style=\"text-align: center;\">\n<p><span style=\"font-family: Georgia, Palatino; font-size: 14pt;\" data-blogger-escaped-style=\"color: blue; font-size: large;\">Pour ceux qui\u00a0souhaitent faire les man\u00e8ges pendant que\u00a0certains mangent, comme nous &#8230;\u00a0c&rsquo;est loup\u00e9 !<\/span><\/p>\n<\/div>\n<div style=\"text-align: center;\" data-blogger-escaped-style=\"text-align: center;\">\n<p><span style=\"font-family: Georgia, Palatino; font-size: 14pt;\"><a href=\"http:\/\/3.bp.blogspot.com\/-_iYwbPIUsGY\/V1WKA7v0oRI\/AAAAAAAADb0\/pjwjKXqEfEUBqClh1DH0OYNt_GqLn5J8gCK4B\/s1600\/vacances%2B2013%2B451.jpg\"><img decoding=\"async\" loading=\"lazy\" src=\"https:\/\/3.bp.blogspot.com\/-_iYwbPIUsGY\/V1WKA7v0oRI\/AAAAAAAADb0\/pjwjKXqEfEUBqClh1DH0OYNt_GqLn5J8gCK4B\/s320\/vacances%2B2013%2B451.jpg\" width=\"320\" height=\"240\" border=\"0\" \/><\/a>\u00a0<img decoding=\"async\" loading=\"lazy\" src=\"https:\/\/4.bp.blogspot.com\/-S-FcVaZIsmY\/V1WKA_tZ2CI\/AAAAAAAADbs\/c8Xv3iPCrlgVS_-U0zOF1oHjD5sGSYPQACK4B\/s320\/vacances%2B2013%2B452.jpg\" width=\"320\" height=\"240\" border=\"0\" \/><\/span><\/p>\n<\/div>\n<div style=\"text-align: center;\" data-blogger-escaped-style=\"text-align: center;\">\n<p><span style=\"font-family: Georgia, Palatino; font-size: 14pt;\"><a href=\"http:\/\/2.bp.blogspot.com\/-SCKag-joC8A\/V1WKBO9-3SI\/AAAAAAAADb8\/cLaevII0xFYNPczO8Ch1BcK5zuOWyZxpwCK4B\/s1600\/vacances%2B2013%2B454.jpg\"><img decoding=\"async\" loading=\"lazy\" src=\"https:\/\/2.bp.blogspot.com\/-SCKag-joC8A\/V1WKBO9-3SI\/AAAAAAAADb8\/cLaevII0xFYNPczO8Ch1BcK5zuOWyZxpwCK4B\/s320\/vacances%2B2013%2B454.jpg\" width=\"320\" height=\"240\" border=\"0\" \/><\/a><\/span><\/p>\n<\/div>\n<div style=\"text-align: center;\" data-blogger-escaped-style=\"text-align: center;\">\n<p><span style=\"font-family: Georgia, Palatino; font-size: 14pt;\"> <a href=\"http:\/\/2.bp.blogspot.com\/-6kHsJqt8oZQ\/V1WAZRE9snI\/AAAAAAAADPs\/PKuSODC9d_wH69BqTbBYaXresiy9R96dgCK4B\/s1600\/vacances%2B2013%2B366.jpg\"><img decoding=\"async\" loading=\"lazy\" src=\"https:\/\/2.bp.blogspot.com\/-6kHsJqt8oZQ\/V1WAZRE9snI\/AAAAAAAADPs\/PKuSODC9d_wH69BqTbBYaXresiy9R96dgCK4B\/s320\/vacances%2B2013%2B366.jpg\" width=\"320\" height=\"240\" border=\"0\" \/><\/a>\u00a0<a href=\"http:\/\/1.bp.blogspot.com\/-oey5OsYX3Iw\/V1WAuxMeNKI\/AAAAAAAADQo\/V8UfACjGWpgE4vKnmzXTZj0YtoHolQKnACK4B\/s1600\/vacances%2B2013%2B368.jpg\"><img decoding=\"async\" loading=\"lazy\" src=\"https:\/\/1.bp.blogspot.com\/-oey5OsYX3Iw\/V1WAuxMeNKI\/AAAAAAAADQo\/V8UfACjGWpgE4vKnmzXTZj0YtoHolQKnACK4B\/s320\/vacances%2B2013%2B368.jpg\" width=\"240\" height=\"320\" border=\"0\" \/><\/a><\/span><\/p>\n<\/div>\n<div style=\"text-align: center;\" data-blogger-escaped-style=\"text-align: center;\">\n<p><span style=\"font-family: Georgia, Palatino; font-size: 14pt;\"><a href=\"http:\/\/3.bp.blogspot.com\/-NkP8Vbn7-NQ\/V1WCBsVx2aI\/AAAAAAAADSI\/I0j21w0xDb8S6wujk_kYPC_Fen26LCIPQCK4B\/s1600\/vacances%2B2013%2B381.jpg\"><img decoding=\"async\" loading=\"lazy\" src=\"https:\/\/3.bp.blogspot.com\/-NkP8Vbn7-NQ\/V1WCBsVx2aI\/AAAAAAAADSI\/I0j21w0xDb8S6wujk_kYPC_Fen26LCIPQCK4B\/s320\/vacances%2B2013%2B381.jpg\" width=\"320\" height=\"240\" border=\"0\" \/><\/a>\u00a0\u00a0<\/span><\/p>\n<p><span style=\"font-family: Georgia, Palatino; font-size: 14pt;\"> <a href=\"http:\/\/2.bp.blogspot.com\/-mMFkiHOu9Zc\/V1WCN2wXrTI\/AAAAAAAADSY\/DPBYO_HeF7k0NRUdzN_OOXS1jB36vGWGQCK4B\/s1600\/vacances%2B2013%2B384.jpg\"><img decoding=\"async\" loading=\"lazy\" src=\"https:\/\/2.bp.blogspot.com\/-mMFkiHOu9Zc\/V1WCN2wXrTI\/AAAAAAAADSY\/DPBYO_HeF7k0NRUdzN_OOXS1jB36vGWGQCK4B\/s320\/vacances%2B2013%2B384.jpg\" width=\"320\" height=\"240\" border=\"0\" \/><\/a><\/span><span style=\"font-family: Georgia, Palatino; font-size: 14pt;\"> <a href=\"http:\/\/4.bp.blogspot.com\/-TWgApoNTKxw\/V1WDBnGCN-I\/AAAAAAAADTU\/V71zvwiI0PUh3qhF34qsNDMGLlaKe27-QCK4B\/s1600\/vacances%2B2013%2B378.jpg\"><img decoding=\"async\" loading=\"lazy\" src=\"https:\/\/4.bp.blogspot.com\/-TWgApoNTKxw\/V1WDBnGCN-I\/AAAAAAAADTU\/V71zvwiI0PUh3qhF34qsNDMGLlaKe27-QCK4B\/s320\/vacances%2B2013%2B378.jpg\" width=\"240\" height=\"320\" border=\"0\" \/><\/a>\u00a0 <\/span><\/p>\n<\/div>\n<p style=\"text-align: center;\"><span style=\"font-family: Georgia, Palatino; font-size: 14pt;\"><a href=\"http:\/\/1.bp.blogspot.com\/-4M9h6C4do14\/V1WDFfSo-jI\/AAAAAAAADTc\/LBYYMIwQHXU_-r2PgUAnwCefdsP3MSO2gCK4B\/s1600\/vacances%2B2013%2B390.jpg\"><img decoding=\"async\" loading=\"lazy\" class=\"alignnone\" src=\"https:\/\/1.bp.blogspot.com\/-4M9h6C4do14\/V1WDFfSo-jI\/AAAAAAAADTc\/LBYYMIwQHXU_-r2PgUAnwCefdsP3MSO2gCK4B\/s320\/vacances%2B2013%2B390.jpg\" width=\"320\" height=\"240\" border=\"0\" \/><\/a>\u00a0<a href=\"http:\/\/4.bp.blogspot.com\/-1CgNIaSIlTY\/V1WC64vRW0I\/AAAAAAAADTM\/wsbDK6BWx8wtl0VLJrpdtv_OGac2_WFNgCK4B\/s1600\/vacances%2B2013%2B367.jpg\"><img decoding=\"async\" loading=\"lazy\" src=\"https:\/\/4.bp.blogspot.com\/-1CgNIaSIlTY\/V1WC64vRW0I\/AAAAAAAADTM\/wsbDK6BWx8wtl0VLJrpdtv_OGac2_WFNgCK4B\/s320\/vacances%2B2013%2B367.jpg\" width=\"240\" height=\"320\" border=\"0\" \/><\/a><\/span><\/p>\n<div style=\"text-align: center;\" data-blogger-escaped-style=\"text-align: center;\">\n<p><span style=\"font-family: Georgia, Palatino; font-size: 14pt;\"><a href=\"http:\/\/4.bp.blogspot.com\/-y6XO-qNT58A\/V1WEAx2ZUHI\/AAAAAAAADVQ\/PfnGATKzxgk2-elHLTY0vYbofH2w9NZ7wCK4B\/s1600\/vacances%2B2013%2B400.jpg\"><img decoding=\"async\" loading=\"lazy\" src=\"https:\/\/4.bp.blogspot.com\/-y6XO-qNT58A\/V1WEAx2ZUHI\/AAAAAAAADVQ\/PfnGATKzxgk2-elHLTY0vYbofH2w9NZ7wCK4B\/s320\/vacances%2B2013%2B400.jpg\" width=\"240\" height=\"320\" border=\"0\" \/><\/a>\u00a0<a href=\"http:\/\/2.bp.blogspot.com\/-dowao9quSio\/V1WEBwnzwpI\/AAAAAAAADVY\/GVaLPCHg4dQFw0yvhh5fyAivj29Yij5swCK4B\/s1600\/vacances%2B2013%2B380.jpg\"><img decoding=\"async\" loading=\"lazy\" src=\"https:\/\/2.bp.blogspot.com\/-dowao9quSio\/V1WEBwnzwpI\/AAAAAAAADVY\/GVaLPCHg4dQFw0yvhh5fyAivj29Yij5swCK4B\/s320\/vacances%2B2013%2B380.jpg\" width=\"240\" height=\"320\" border=\"0\" \/><\/a>\u00a0<\/span><\/p>\n<p><span style=\"font-family: Georgia, Palatino; font-size: 14pt;\"> <a href=\"http:\/\/1.bp.blogspot.com\/-jqZ2Rip6Cxs\/V1WEDCV5dGI\/AAAAAAAADVg\/k8Hh7IvQcSMSXpOtAKl5yE7-SFttRkTfgCK4B\/s1600\/vacances%2B2013%2B391.jpg\"><img decoding=\"async\" loading=\"lazy\" src=\"https:\/\/1.bp.blogspot.com\/-jqZ2Rip6Cxs\/V1WEDCV5dGI\/AAAAAAAADVg\/k8Hh7IvQcSMSXpOtAKl5yE7-SFttRkTfgCK4B\/s320\/vacances%2B2013%2B391.jpg\" width=\"320\" height=\"240\" border=\"0\" \/><\/a>\u00a0<a href=\"http:\/\/4.bp.blogspot.com\/-XK1A9DwqDmE\/V1WDzo4WbbI\/AAAAAAAADUg\/s2pVx-Rf6oYCy61zZAuBeGcBT5a78LrhwCK4B\/s1600\/vacances%2B2013%2B395.jpg\"><img decoding=\"async\" loading=\"lazy\" src=\"https:\/\/4.bp.blogspot.com\/-XK1A9DwqDmE\/V1WDzo4WbbI\/AAAAAAAADUg\/s2pVx-Rf6oYCy61zZAuBeGcBT5a78LrhwCK4B\/s320\/vacances%2B2013%2B395.jpg\" width=\"320\" height=\"240\" border=\"0\" \/><\/a>\u00a0<\/span><\/p>\n<p><span style=\"font-family: Georgia, Palatino; font-size: 14pt;\"> <a href=\"http:\/\/2.bp.blogspot.com\/-waVCJNFW1Pg\/V1WGbXQZWSI\/AAAAAAAADXU\/fXnQ9-JtTPoa6Qv2bHvgenRe3TeyxM3CgCK4B\/s1600\/vacances%2B2013%2B417.jpg\"><img decoding=\"async\" loading=\"lazy\" src=\"https:\/\/2.bp.blogspot.com\/-waVCJNFW1Pg\/V1WGbXQZWSI\/AAAAAAAADXU\/fXnQ9-JtTPoa6Qv2bHvgenRe3TeyxM3CgCK4B\/s320\/vacances%2B2013%2B417.jpg\" width=\"320\" height=\"240\" border=\"0\" \/><\/a>\u00a0<\/span><span style=\"font-family: Georgia, Palatino; font-size: 14pt;\">\u00a0<\/span><span style=\"font-family: Georgia, Palatino; font-size: 14pt;\"><a href=\"http:\/\/3.bp.blogspot.com\/-7oUdUZqSDTg\/V1WGrADTd3I\/AAAAAAAADYk\/dWMESpkJJms-Mbp6qhuIUIZl3Fz0MvbqwCK4B\/s1600\/vacances%2B2013%2B423.jpg\"><img decoding=\"async\" loading=\"lazy\" src=\"https:\/\/3.bp.blogspot.com\/-7oUdUZqSDTg\/V1WGrADTd3I\/AAAAAAAADYk\/dWMESpkJJms-Mbp6qhuIUIZl3Fz0MvbqwCK4B\/s320\/vacances%2B2013%2B423.jpg\" width=\"320\" height=\"240\" border=\"0\" \/><\/a><\/span><span style=\"font-family: Georgia, Palatino; font-size: 14pt;\">\u00a0<\/span><\/p>\n<\/div>\n<div style=\"text-align: center;\" data-blogger-escaped-style=\"text-align: center;\">\n<p><span style=\"font-family: Georgia, Palatino; font-size: 14pt;\" data-blogger-escaped-style=\"color: blue; font-size: large;\">Nous y trouvons \u00e9galement des spectacles simples mais sympathiques.<\/span><\/p>\n<\/div>\n<div style=\"text-align: center;\" data-blogger-escaped-style=\"text-align: center;\">\n<p><span style=\"font-family: Georgia, Palatino; font-size: 14pt;\">\u00a0<a href=\"http:\/\/2.bp.blogspot.com\/-8oJzEOJxpC4\/V1WHOVflidI\/AAAAAAAADZk\/ixE-lqULMaEmwUOuoVo4F4V-fgCo4zklACK4B\/s1600\/vacances%2B2013%2B426.jpg\"><img decoding=\"async\" loading=\"lazy\" src=\"https:\/\/2.bp.blogspot.com\/-8oJzEOJxpC4\/V1WHOVflidI\/AAAAAAAADZk\/ixE-lqULMaEmwUOuoVo4F4V-fgCo4zklACK4B\/s320\/vacances%2B2013%2B426.jpg\" width=\"320\" height=\"240\" border=\"0\" \/><\/a>\u00a0<\/span><\/p>\n<p><span style=\"font-family: Georgia, Palatino; font-size: 14pt;\"> <a href=\"http:\/\/3.bp.blogspot.com\/-cUE-07WOK04\/V1WHJR3G2YI\/AAAAAAAADZQ\/zHo-myPfM9cN_OcgTTbau4b_NgbnZ1HpgCK4B\/s1600\/vacances%2B2013%2B427.jpg\"><img decoding=\"async\" loading=\"lazy\" src=\"https:\/\/3.bp.blogspot.com\/-cUE-07WOK04\/V1WHJR3G2YI\/AAAAAAAADZQ\/zHo-myPfM9cN_OcgTTbau4b_NgbnZ1HpgCK4B\/s320\/vacances%2B2013%2B427.jpg\" width=\"320\" height=\"240\" border=\"0\" \/><\/a>\u00a0<a href=\"http:\/\/2.bp.blogspot.com\/-EUVdyknxmoE\/V1WHPhk4aXI\/AAAAAAAADZs\/dtTuDAT6eYY8IrZufu_k2-hl3q1_dWZQQCK4B\/s1600\/vacances%2B2013%2B428.jpg\"><img decoding=\"async\" loading=\"lazy\" src=\"https:\/\/2.bp.blogspot.com\/-EUVdyknxmoE\/V1WHPhk4aXI\/AAAAAAAADZs\/dtTuDAT6eYY8IrZufu_k2-hl3q1_dWZQQCK4B\/s320\/vacances%2B2013%2B428.jpg\" width=\"320\" height=\"240\" border=\"0\" \/><\/a>\u00a0<\/span><span style=\"font-family: Georgia, Palatino; font-size: 14pt;\">\u00a0<\/span><\/p>\n<p><span style=\"font-family: Georgia, Palatino; font-size: 14pt;\"> <a href=\"http:\/\/2.bp.blogspot.com\/-eLRA_BI7oGU\/V1WISYFFqCI\/AAAAAAAADaw\/cb3G0-7APpwWsumQo_KCtTeaE6Yzya3BwCK4B\/s1600\/vacances%2B2013%2B442.jpg\"><img decoding=\"async\" loading=\"lazy\" src=\"https:\/\/2.bp.blogspot.com\/-eLRA_BI7oGU\/V1WISYFFqCI\/AAAAAAAADaw\/cb3G0-7APpwWsumQo_KCtTeaE6Yzya3BwCK4B\/s320\/vacances%2B2013%2B442.jpg\" width=\"320\" height=\"240\" border=\"0\" \/><!-- x-tinymce\/html --><!-- x-tinymce\/html --><\/a><\/span><\/p>\n<p><span style=\"font-size: 14pt;\">Nous avons pass\u00e9s une tr\u00e8s belle journ\u00e9e.<\/span><\/p>\n<\/div>\n<\/div>\n","protected":false},"excerpt":{"rendered":"<p>2013\u00a0 Ok Corral\u00a0est un parc d&rsquo;attractions situ\u00e9 \u00e0 Cuges-les-Pins entre Marseille et La Ciotat. Son nom est inspir\u00e9 de la c\u00e9l\u00e8bre bataille d&rsquo;Ok Corral qui vit l&rsquo;affrontement, en 1881, de deux clans rivaux en Arizona. Parc sans pr\u00e9tention mais l&rsquo;amusement est garanti. Petite particularit\u00e9, \u00e0 l&rsquo;\u00e9poque, le parc ferme les attractions entre 12h et 14h !!! Pour ceux qui\u00a0souhaitent faire les man\u00e8ges pendant que\u00a0certains mangent, comme nous &#8230;\u00a0c&rsquo;est loup\u00e9 ! \u00a0 \u00a0 \u00a0\u00a0 \u00a0 \u00a0 \u00a0\u00a0 \u00a0\u00a0 \u00a0\u00a0\u00a0 Nous y&#8230;<\/p>\n<p class=\"read-more\"><a class=\"btn btn-default\" href=\"https:\/\/initiation-voyages.fr\/index.php\/ok-corral\/\">Lire la suite<span class=\"screen-reader-text\"> Lire la suite<\/span><\/a><\/p>\n","protected":false},"author":1,"featured_media":0,"parent":0,"menu_order":0,"comment_status":"closed","ping_status":"closed","template":"","meta":[],"_links":{"self":[{"href":"https:\/\/initiation-voyages.fr\/index.php\/wp-json\/wp\/v2\/pages\/272"}],"collection":[{"href":"https:\/\/initiation-voyages.fr\/index.php\/wp-json\/wp\/v2\/pages"}],"about":[{"href":"https:\/\/initiation-voyages.fr\/index.php\/wp-json\/wp\/v2\/types\/page"}],"author":[{"embeddable":true,"href":"https:\/\/initiation-voyages.fr\/index.php\/wp-json\/wp\/v2\/users\/1"}],"replies":[{"embeddable":true,"href":"https:\/\/initiation-voyages.fr\/index.php\/wp-json\/wp\/v2\/comments?post=272"}],"version-history":[{"count":4,"href":"https:\/\/initiation-voyages.fr\/index.php\/wp-json\/wp\/v2\/pages\/272\/revisions"}],"predecessor-version":[{"id":525,"href":"https:\/\/initiation-voyages.fr\/index.php\/wp-json\/wp\/v2\/pages\/272\/revisions\/525"}],"wp:attachment":[{"href":"https:\/\/initiation-voyages.fr\/index.php\/wp-json\/wp\/v2\/media?parent=272"}],"curies":[{"name":"wp","href":"https:\/\/api.w.org\/{rel}","templated":true}]}}