{"id":268,"date":"2018-02-23T18:35:25","date_gmt":"2018-02-23T17:35:25","guid":{"rendered":"http:\/\/initiation-voyages.fr\/?page_id=268"},"modified":"2018-02-27T22:19:59","modified_gmt":"2018-02-27T21:19:59","slug":"port-aventura","status":"publish","type":"page","link":"https:\/\/initiation-voyages.fr\/index.php\/port-aventura\/","title":{"rendered":"PORT AVENTURA"},"content":{"rendered":"<div data-blogger-escaped-style=\"text-align: left;\">\n<p style=\"text-align: center;\"><span style=\"font-family: Georgia, Palatino; font-size: 14pt;\" data-blogger-escaped-style=\"color: blue; font-size: large;\">Port Aventura, <\/span><\/p>\n<\/div>\n<div style=\"text-align: center;\" data-blogger-escaped-style=\"text-align: center;\">\n<p><span style=\"font-family: Georgia, Palatino; font-size: 14pt;\" data-blogger-escaped-style=\"color: blue; font-size: large;\">c&rsquo;est un parc avec des d\u00e9cors impressionnants <\/span><\/p>\n<\/div>\n<div style=\"text-align: center;\" data-blogger-escaped-style=\"text-align: center;\">\n<p><span style=\"font-family: Georgia, Palatino; font-size: 14pt;\" data-blogger-escaped-style=\"color: blue; font-size: large;\">et des attractions plus folles les unes que les autres, <\/span><\/p>\n<\/div>\n<div style=\"text-align: center;\" data-blogger-escaped-style=\"text-align: center;\">\n<p><span style=\"font-family: Georgia, Palatino; font-size: 14pt;\" data-blogger-escaped-style=\"color: blue; font-size: large;\">avec des SENSATIONS FORTES !!!<\/span><\/p>\n<\/div>\n<div style=\"text-align: center;\" data-blogger-escaped-style=\"text-align: center;\">\n<p><span style=\"font-family: Georgia, Palatino; font-size: 14pt;\" data-blogger-escaped-style=\"color: blue; font-size: large;\">Nous adorons ce parc et y allons d\u00e8s que nous\u00a0en avons l&rsquo;occasion en famille, avec des amis ou rien que nous 4 !<\/span><\/p>\n<p><span style=\"font-size: 14pt;\">Port Aventura Park\u00a0est un parc \u00e0 th\u00e8mes\u00a0espagnol situ\u00e9 au sud de Barcelone.<\/span><\/p>\n<p><span style=\"font-size: 14pt;\">Il a \u00e9t\u00e9 inaugur\u00e9 le\u00a01<sup>er<\/sup>\u00a0mai 1995.<\/span><\/p>\n<p><span style=\"font-size: 14pt;\">Le parc se compose de cinquante attractions.<\/span><\/p>\n<\/div>\n<div style=\"text-align: center;\" data-blogger-escaped-style=\"text-align: center;\">\n<p><img decoding=\"async\" loading=\"lazy\" class=\"size-medium wp-image-688\" src=\"http:\/\/initiation-voyages.fr\/wp-content\/uploads\/2018\/02\/GOPR3714-300x225.jpg\" alt=\"\" width=\"300\" height=\"225\" srcset=\"https:\/\/initiation-voyages.fr\/wp-content\/uploads\/2018\/02\/GOPR3714-300x225.jpg 300w, https:\/\/initiation-voyages.fr\/wp-content\/uploads\/2018\/02\/GOPR3714-768x576.jpg 768w, https:\/\/initiation-voyages.fr\/wp-content\/uploads\/2018\/02\/GOPR3714-1024x768.jpg 1024w, https:\/\/initiation-voyages.fr\/wp-content\/uploads\/2018\/02\/GOPR3714-360x270.jpg 360w, https:\/\/initiation-voyages.fr\/wp-content\/uploads\/2018\/02\/GOPR3714-24x18.jpg 24w, https:\/\/initiation-voyages.fr\/wp-content\/uploads\/2018\/02\/GOPR3714-36x27.jpg 36w, https:\/\/initiation-voyages.fr\/wp-content\/uploads\/2018\/02\/GOPR3714-48x36.jpg 48w\" sizes=\"(max-width: 300px) 100vw, 300px\" \/><\/p>\n<p><img decoding=\"async\" loading=\"lazy\" class=\"size-medium wp-image-690\" src=\"http:\/\/initiation-voyages.fr\/wp-content\/uploads\/2018\/02\/GOPR3726-300x225.jpg\" alt=\"\" width=\"300\" height=\"225\" srcset=\"https:\/\/initiation-voyages.fr\/wp-content\/uploads\/2018\/02\/GOPR3726-300x225.jpg 300w, https:\/\/initiation-voyages.fr\/wp-content\/uploads\/2018\/02\/GOPR3726-768x576.jpg 768w, https:\/\/initiation-voyages.fr\/wp-content\/uploads\/2018\/02\/GOPR3726-1024x768.jpg 1024w, https:\/\/initiation-voyages.fr\/wp-content\/uploads\/2018\/02\/GOPR3726-360x270.jpg 360w, https:\/\/initiation-voyages.fr\/wp-content\/uploads\/2018\/02\/GOPR3726-24x18.jpg 24w, https:\/\/initiation-voyages.fr\/wp-content\/uploads\/2018\/02\/GOPR3726-36x27.jpg 36w, https:\/\/initiation-voyages.fr\/wp-content\/uploads\/2018\/02\/GOPR3726-48x36.jpg 48w\" sizes=\"(max-width: 300px) 100vw, 300px\" \/><\/p>\n<p><img decoding=\"async\" loading=\"lazy\" class=\"size-medium wp-image-691\" src=\"http:\/\/initiation-voyages.fr\/wp-content\/uploads\/2018\/02\/GOPR3729-300x225.jpg\" alt=\"\" width=\"300\" height=\"225\" srcset=\"https:\/\/initiation-voyages.fr\/wp-content\/uploads\/2018\/02\/GOPR3729-300x225.jpg 300w, https:\/\/initiation-voyages.fr\/wp-content\/uploads\/2018\/02\/GOPR3729-768x576.jpg 768w, https:\/\/initiation-voyages.fr\/wp-content\/uploads\/2018\/02\/GOPR3729-1024x768.jpg 1024w, https:\/\/initiation-voyages.fr\/wp-content\/uploads\/2018\/02\/GOPR3729-360x270.jpg 360w, https:\/\/initiation-voyages.fr\/wp-content\/uploads\/2018\/02\/GOPR3729-24x18.jpg 24w, https:\/\/initiation-voyages.fr\/wp-content\/uploads\/2018\/02\/GOPR3729-36x27.jpg 36w, https:\/\/initiation-voyages.fr\/wp-content\/uploads\/2018\/02\/GOPR3729-48x36.jpg 48w\" sizes=\"(max-width: 300px) 100vw, 300px\" \/><\/p>\n<p><img decoding=\"async\" loading=\"lazy\" class=\"size-medium wp-image-692\" src=\"http:\/\/initiation-voyages.fr\/wp-content\/uploads\/2018\/02\/GOPR3741-300x225.jpg\" alt=\"\" width=\"300\" height=\"225\" srcset=\"https:\/\/initiation-voyages.fr\/wp-content\/uploads\/2018\/02\/GOPR3741-300x225.jpg 300w, https:\/\/initiation-voyages.fr\/wp-content\/uploads\/2018\/02\/GOPR3741-768x576.jpg 768w, https:\/\/initiation-voyages.fr\/wp-content\/uploads\/2018\/02\/GOPR3741-1024x768.jpg 1024w, https:\/\/initiation-voyages.fr\/wp-content\/uploads\/2018\/02\/GOPR3741-360x270.jpg 360w, https:\/\/initiation-voyages.fr\/wp-content\/uploads\/2018\/02\/GOPR3741-24x18.jpg 24w, https:\/\/initiation-voyages.fr\/wp-content\/uploads\/2018\/02\/GOPR3741-36x27.jpg 36w, https:\/\/initiation-voyages.fr\/wp-content\/uploads\/2018\/02\/GOPR3741-48x36.jpg 48w\" sizes=\"(max-width: 300px) 100vw, 300px\" \/><\/p>\n<p><img decoding=\"async\" loading=\"lazy\" class=\"size-medium wp-image-693\" src=\"http:\/\/initiation-voyages.fr\/wp-content\/uploads\/2018\/02\/GOPR3760-300x225.jpg\" alt=\"\" width=\"300\" height=\"225\" srcset=\"https:\/\/initiation-voyages.fr\/wp-content\/uploads\/2018\/02\/GOPR3760-300x225.jpg 300w, https:\/\/initiation-voyages.fr\/wp-content\/uploads\/2018\/02\/GOPR3760-768x576.jpg 768w, https:\/\/initiation-voyages.fr\/wp-content\/uploads\/2018\/02\/GOPR3760-1024x768.jpg 1024w, https:\/\/initiation-voyages.fr\/wp-content\/uploads\/2018\/02\/GOPR3760-360x270.jpg 360w, https:\/\/initiation-voyages.fr\/wp-content\/uploads\/2018\/02\/GOPR3760-24x18.jpg 24w, https:\/\/initiation-voyages.fr\/wp-content\/uploads\/2018\/02\/GOPR3760-36x27.jpg 36w, https:\/\/initiation-voyages.fr\/wp-content\/uploads\/2018\/02\/GOPR3760-48x36.jpg 48w\" sizes=\"(max-width: 300px) 100vw, 300px\" \/><\/p>\n<p><img decoding=\"async\" loading=\"lazy\" class=\"size-medium wp-image-694\" src=\"http:\/\/initiation-voyages.fr\/wp-content\/uploads\/2018\/02\/GOPR3763-300x225.jpg\" alt=\"\" width=\"300\" height=\"225\" srcset=\"https:\/\/initiation-voyages.fr\/wp-content\/uploads\/2018\/02\/GOPR3763-300x225.jpg 300w, https:\/\/initiation-voyages.fr\/wp-content\/uploads\/2018\/02\/GOPR3763-768x576.jpg 768w, https:\/\/initiation-voyages.fr\/wp-content\/uploads\/2018\/02\/GOPR3763-1024x768.jpg 1024w, https:\/\/initiation-voyages.fr\/wp-content\/uploads\/2018\/02\/GOPR3763-360x270.jpg 360w, https:\/\/initiation-voyages.fr\/wp-content\/uploads\/2018\/02\/GOPR3763-24x18.jpg 24w, https:\/\/initiation-voyages.fr\/wp-content\/uploads\/2018\/02\/GOPR3763-36x27.jpg 36w, https:\/\/initiation-voyages.fr\/wp-content\/uploads\/2018\/02\/GOPR3763-48x36.jpg 48w\" sizes=\"(max-width: 300px) 100vw, 300px\" \/><\/p>\n<p><img decoding=\"async\" loading=\"lazy\" class=\"size-medium wp-image-695\" src=\"http:\/\/initiation-voyages.fr\/wp-content\/uploads\/2018\/02\/GOPR3806-300x225.jpg\" alt=\"\" width=\"300\" height=\"225\" srcset=\"https:\/\/initiation-voyages.fr\/wp-content\/uploads\/2018\/02\/GOPR3806-300x225.jpg 300w, https:\/\/initiation-voyages.fr\/wp-content\/uploads\/2018\/02\/GOPR3806-768x576.jpg 768w, https:\/\/initiation-voyages.fr\/wp-content\/uploads\/2018\/02\/GOPR3806-1024x768.jpg 1024w, https:\/\/initiation-voyages.fr\/wp-content\/uploads\/2018\/02\/GOPR3806-360x270.jpg 360w, https:\/\/initiation-voyages.fr\/wp-content\/uploads\/2018\/02\/GOPR3806-24x18.jpg 24w, https:\/\/initiation-voyages.fr\/wp-content\/uploads\/2018\/02\/GOPR3806-36x27.jpg 36w, https:\/\/initiation-voyages.fr\/wp-content\/uploads\/2018\/02\/GOPR3806-48x36.jpg 48w\" sizes=\"(max-width: 300px) 100vw, 300px\" \/><\/p>\n<p><img decoding=\"async\" loading=\"lazy\" class=\"size-medium wp-image-696\" src=\"http:\/\/initiation-voyages.fr\/wp-content\/uploads\/2018\/02\/GOPR3804-300x225.jpg\" alt=\"\" width=\"300\" height=\"225\" srcset=\"https:\/\/initiation-voyages.fr\/wp-content\/uploads\/2018\/02\/GOPR3804-300x225.jpg 300w, https:\/\/initiation-voyages.fr\/wp-content\/uploads\/2018\/02\/GOPR3804-768x576.jpg 768w, https:\/\/initiation-voyages.fr\/wp-content\/uploads\/2018\/02\/GOPR3804-1024x768.jpg 1024w, https:\/\/initiation-voyages.fr\/wp-content\/uploads\/2018\/02\/GOPR3804-360x270.jpg 360w, https:\/\/initiation-voyages.fr\/wp-content\/uploads\/2018\/02\/GOPR3804-24x18.jpg 24w, https:\/\/initiation-voyages.fr\/wp-content\/uploads\/2018\/02\/GOPR3804-36x27.jpg 36w, https:\/\/initiation-voyages.fr\/wp-content\/uploads\/2018\/02\/GOPR3804-48x36.jpg 48w\" sizes=\"(max-width: 300px) 100vw, 300px\" \/><\/p>\n<p><img decoding=\"async\" loading=\"lazy\" class=\"size-medium wp-image-697\" src=\"http:\/\/initiation-voyages.fr\/wp-content\/uploads\/2018\/02\/GOPR3811-300x225.jpg\" alt=\"\" width=\"300\" height=\"225\" srcset=\"https:\/\/initiation-voyages.fr\/wp-content\/uploads\/2018\/02\/GOPR3811-300x225.jpg 300w, https:\/\/initiation-voyages.fr\/wp-content\/uploads\/2018\/02\/GOPR3811-768x576.jpg 768w, https:\/\/initiation-voyages.fr\/wp-content\/uploads\/2018\/02\/GOPR3811-1024x768.jpg 1024w, https:\/\/initiation-voyages.fr\/wp-content\/uploads\/2018\/02\/GOPR3811-360x270.jpg 360w, https:\/\/initiation-voyages.fr\/wp-content\/uploads\/2018\/02\/GOPR3811-24x18.jpg 24w, https:\/\/initiation-voyages.fr\/wp-content\/uploads\/2018\/02\/GOPR3811-36x27.jpg 36w, https:\/\/initiation-voyages.fr\/wp-content\/uploads\/2018\/02\/GOPR3811-48x36.jpg 48w\" sizes=\"(max-width: 300px) 100vw, 300px\" \/><\/p>\n<p><img decoding=\"async\" loading=\"lazy\" class=\"size-medium wp-image-698\" src=\"http:\/\/initiation-voyages.fr\/wp-content\/uploads\/2018\/02\/GOPR3822-300x225.jpg\" alt=\"\" width=\"300\" height=\"225\" srcset=\"https:\/\/initiation-voyages.fr\/wp-content\/uploads\/2018\/02\/GOPR3822-300x225.jpg 300w, https:\/\/initiation-voyages.fr\/wp-content\/uploads\/2018\/02\/GOPR3822-768x576.jpg 768w, https:\/\/initiation-voyages.fr\/wp-content\/uploads\/2018\/02\/GOPR3822-1024x768.jpg 1024w, https:\/\/initiation-voyages.fr\/wp-content\/uploads\/2018\/02\/GOPR3822-360x270.jpg 360w, https:\/\/initiation-voyages.fr\/wp-content\/uploads\/2018\/02\/GOPR3822-24x18.jpg 24w, https:\/\/initiation-voyages.fr\/wp-content\/uploads\/2018\/02\/GOPR3822-36x27.jpg 36w, https:\/\/initiation-voyages.fr\/wp-content\/uploads\/2018\/02\/GOPR3822-48x36.jpg 48w\" sizes=\"(max-width: 300px) 100vw, 300px\" \/><\/p>\n<p><img decoding=\"async\" loading=\"lazy\" class=\"size-medium wp-image-699\" src=\"http:\/\/initiation-voyages.fr\/wp-content\/uploads\/2018\/02\/GOPR3825-300x225.jpg\" alt=\"\" width=\"300\" height=\"225\" srcset=\"https:\/\/initiation-voyages.fr\/wp-content\/uploads\/2018\/02\/GOPR3825-300x225.jpg 300w, https:\/\/initiation-voyages.fr\/wp-content\/uploads\/2018\/02\/GOPR3825-768x576.jpg 768w, https:\/\/initiation-voyages.fr\/wp-content\/uploads\/2018\/02\/GOPR3825-1024x768.jpg 1024w, https:\/\/initiation-voyages.fr\/wp-content\/uploads\/2018\/02\/GOPR3825-360x270.jpg 360w, https:\/\/initiation-voyages.fr\/wp-content\/uploads\/2018\/02\/GOPR3825-24x18.jpg 24w, https:\/\/initiation-voyages.fr\/wp-content\/uploads\/2018\/02\/GOPR3825-36x27.jpg 36w, https:\/\/initiation-voyages.fr\/wp-content\/uploads\/2018\/02\/GOPR3825-48x36.jpg 48w\" sizes=\"(max-width: 300px) 100vw, 300px\" \/><\/p>\n<\/div>\n<div style=\"text-align: center;\" data-blogger-escaped-style=\"text-align: center;\">\n<p><span style=\"font-family: Georgia, Palatino; font-size: 14pt;\"><span style=\"font-family: Georgia, Palatino; font-size: 14pt;\">\u00a0<\/span><\/span><\/p>\n<\/div>\n<div style=\"text-align: center;\" data-blogger-escaped-style=\"text-align: center;\">\n<p><span style=\"font-family: Georgia, Palatino; font-size: 14pt;\"><a href=\"http:\/\/3.bp.blogspot.com\/-m6UgFzuNLq4\/V1aLqEXSeaI\/AAAAAAAADg0\/s7-m46DMbcIEVYbpGowSmEUUr7JenvIXwCK4B\/s1600\/IMGP1624.JPG\"><img decoding=\"async\" loading=\"lazy\" src=\"https:\/\/3.bp.blogspot.com\/-m6UgFzuNLq4\/V1aLqEXSeaI\/AAAAAAAADg0\/s7-m46DMbcIEVYbpGowSmEUUr7JenvIXwCK4B\/s320\/IMGP1624.JPG\" width=\"320\" height=\"240\" border=\"0\" \/><\/a>\u00a0<a href=\"http:\/\/4.bp.blogspot.com\/-rWlfoRI_xHI\/V1aMKtgxomI\/AAAAAAAADiM\/Wd1umasAf4IHOdXT336zJMWxayjS4kqygCK4B\/s1600\/IMGP1634.JPG\"><img decoding=\"async\" loading=\"lazy\" src=\"https:\/\/4.bp.blogspot.com\/-rWlfoRI_xHI\/V1aMKtgxomI\/AAAAAAAADiM\/Wd1umasAf4IHOdXT336zJMWxayjS4kqygCK4B\/s320\/IMGP1634.JPG\" width=\"320\" height=\"240\" border=\"0\" \/><\/a><br \/>\n<\/span><\/p>\n<\/div>\n<div style=\"text-align: center;\" data-blogger-escaped-style=\"text-align: center;\">\n<p><span style=\"font-family: Georgia, Palatino; font-size: 14pt;\"><a href=\"http:\/\/3.bp.blogspot.com\/-8ZV43H4tCmI\/V1aL66xfVoI\/AAAAAAAADhs\/NP45lYcLwFYBVhwQOiV31YZL3m6ukpJpQCK4B\/s1600\/IMGP1639.JPG\"><img decoding=\"async\" loading=\"lazy\" src=\"https:\/\/3.bp.blogspot.com\/-8ZV43H4tCmI\/V1aL66xfVoI\/AAAAAAAADhs\/NP45lYcLwFYBVhwQOiV31YZL3m6ukpJpQCK4B\/s320\/IMGP1639.JPG\" width=\"320\" height=\"240\" border=\"0\" \/><\/a><span style=\"font-family: Georgia, Palatino; font-size: 14pt;\"><span style=\"font-family: Georgia, Palatino; font-size: 14pt;\"><span style=\"font-family: Georgia, Palatino; font-size: 14pt;\"><span style=\"font-family: Georgia, Palatino; font-size: 14pt;\"><br \/>\n<\/span><\/span><\/span><\/span><\/span><\/p>\n<\/div>\n<div style=\"text-align: center;\" data-blogger-escaped-style=\"text-align: center;\">\n<p><span style=\"font-family: Georgia, Palatino; font-size: 14pt;\">\u00a0<a href=\"http:\/\/1.bp.blogspot.com\/-LIqAwM0QtD0\/V1as7npO-sI\/AAAAAAAADmo\/cFrWB_XLkdQMmmW61OjitMCzZL2cRkL7gCK4B\/s1600\/%2524RR488QP.jpg\"><img decoding=\"async\" loading=\"lazy\" src=\"https:\/\/1.bp.blogspot.com\/-LIqAwM0QtD0\/V1as7npO-sI\/AAAAAAAADmo\/cFrWB_XLkdQMmmW61OjitMCzZL2cRkL7gCK4B\/s320\/%2524RR488QP.jpg\" width=\"320\" height=\"239\" border=\"0\" \/><\/a><\/span><\/p>\n<\/div>\n<div style=\"text-align: center;\" data-blogger-escaped-style=\"text-align: center;\">\n<p><span style=\"font-family: Georgia, Palatino; font-size: 14pt;\" data-blogger-escaped-style=\"color: blue; font-size: large;\">Attraction la plus haute d&rsquo;Europe ! <\/span><\/p>\n<p><span style=\"font-family: Georgia, Palatino; font-size: 14pt;\" data-blogger-escaped-style=\"color: blue; font-size: large;\">Et oui C\u00e9line a fait les deux que l&rsquo;on voit &#8230; la\u00a0folle !!!<\/span><\/p>\n<\/div>\n<div style=\"text-align: center;\" data-blogger-escaped-style=\"text-align: center;\">\n<p><span style=\"font-family: Georgia, Palatino; font-size: 14pt;\" data-blogger-escaped-style=\"color: blue; font-size: large;\">Trop bien !!!<\/span><\/p>\n<\/div>\n<div style=\"text-align: center;\" data-blogger-escaped-style=\"text-align: center;\">\n<div style=\"text-align: center;\" data-blogger-escaped-style=\"text-align: center;\"><\/div>\n<p><span style=\"font-family: Georgia, Palatino; font-size: 14pt;\" data-blogger-escaped-style=\"color: blue; font-size: large;\">Ce parc c&rsquo;est vraiment l&rsquo;\u00e9clate !!!<\/span><\/p>\n<\/div>\n<div data-blogger-escaped-style=\"text-align: center;\">\n<p style=\"text-align: center;\"><span style=\"font-size: 14pt;\"><strong>RETROUVER UN PETIT FILM SUR\u00a0PORT AVENTURA DANS L&rsquo;ONGLET \u00a0\u00bb NOS VIDEOS \u00ab\u00a0<\/strong><\/span><\/p>\n<\/div>\n<div style=\"left: -3000px; width: 1000px; overflow: hidden; position: fixed;\" contenteditable=\"false\"><\/div>\n","protected":false},"excerpt":{"rendered":"<p>Port Aventura, c&rsquo;est un parc avec des d\u00e9cors impressionnants et des attractions plus folles les unes que les autres, avec des SENSATIONS FORTES !!! Nous adorons ce parc et y allons d\u00e8s que nous\u00a0en avons l&rsquo;occasion en famille, avec des amis ou rien que nous 4 ! Port Aventura Park\u00a0est un parc \u00e0 th\u00e8mes\u00a0espagnol situ\u00e9 au sud de Barcelone. Il a \u00e9t\u00e9 inaugur\u00e9 le\u00a01er\u00a0mai 1995. Le parc se compose de cinquante attractions. \u00a0 \u00a0 \u00a0 Attraction la plus haute d&rsquo;Europe&#8230;<\/p>\n<p class=\"read-more\"><a class=\"btn btn-default\" href=\"https:\/\/initiation-voyages.fr\/index.php\/port-aventura\/\">Lire la suite<span class=\"screen-reader-text\"> Lire la suite<\/span><\/a><\/p>\n","protected":false},"author":1,"featured_media":0,"parent":0,"menu_order":0,"comment_status":"closed","ping_status":"closed","template":"","meta":[],"_links":{"self":[{"href":"https:\/\/initiation-voyages.fr\/index.php\/wp-json\/wp\/v2\/pages\/268"}],"collection":[{"href":"https:\/\/initiation-voyages.fr\/index.php\/wp-json\/wp\/v2\/pages"}],"about":[{"href":"https:\/\/initiation-voyages.fr\/index.php\/wp-json\/wp\/v2\/types\/page"}],"author":[{"embeddable":true,"href":"https:\/\/initiation-voyages.fr\/index.php\/wp-json\/wp\/v2\/users\/1"}],"replies":[{"embeddable":true,"href":"https:\/\/initiation-voyages.fr\/index.php\/wp-json\/wp\/v2\/comments?post=268"}],"version-history":[{"count":7,"href":"https:\/\/initiation-voyages.fr\/index.php\/wp-json\/wp\/v2\/pages\/268\/revisions"}],"predecessor-version":[{"id":701,"href":"https:\/\/initiation-voyages.fr\/index.php\/wp-json\/wp\/v2\/pages\/268\/revisions\/701"}],"wp:attachment":[{"href":"https:\/\/initiation-voyages.fr\/index.php\/wp-json\/wp\/v2\/media?parent=268"}],"curies":[{"name":"wp","href":"https:\/\/api.w.org\/{rel}","templated":true}]}}